{"id":961,"date":"2022-08-31T07:14:16","date_gmt":"2022-08-31T07:14:16","guid":{"rendered":"https:\/\/startersites.io\/elementor\/charity\/?page_id=961"},"modified":"2025-10-31T10:29:20","modified_gmt":"2025-10-31T09:29:20","slug":"a-propos","status":"publish","type":"page","link":"https:\/\/sakina-therapie.pro\/index.php\/a-propos\/","title":{"rendered":"\u00c0 propos"},"content":{"rendered":"\t\t<div data-elementor-type=\"wp-page\" data-elementor-id=\"961\" class=\"elementor elementor-961\" data-elementor-settings=\"{&quot;ha_cmc_init_switcher&quot;:&quot;no&quot;}\">\n\t\t\t\t<div class=\"elementor-element elementor-element-c6bc2ef e-flex e-con-boxed e-con e-parent\" data-id=\"c6bc2ef\" data-element_type=\"container\" data-e-type=\"container\" data-settings=\"{&quot;_ha_eqh_enable&quot;:false}\">\n\t\t\t\t\t<div class=\"e-con-inner\">\n\t\t<div class=\"elementor-element elementor-element-23deddd e-con-full e-flex e-con e-child\" data-id=\"23deddd\" data-element_type=\"container\" data-e-type=\"container\" data-settings=\"{&quot;_ha_eqh_enable&quot;:false}\">\n\t\t\t\t<div class=\"elementor-element elementor-element-0373f9c elementor-invisible elementor-widget elementor-widget-image\" data-id=\"0373f9c\" data-element_type=\"widget\" data-e-type=\"widget\" data-settings=\"{&quot;_animation&quot;:&quot;bounceInLeft&quot;}\" data-widget_type=\"image.default\">\n\t\t\t\t\t\t\t\t\t\t\t\t\t\t\t<img fetchpriority=\"high\" decoding=\"async\" width=\"1024\" height=\"1024\" src=\"https:\/\/sakina-therapie.pro\/wp-content\/uploads\/2025\/08\/13-1024x1024.png\" class=\"attachment-large size-large wp-image-2173\" alt=\"\" srcset=\"https:\/\/sakina-therapie.pro\/wp-content\/uploads\/2025\/08\/13-1024x1024.png 1024w, https:\/\/sakina-therapie.pro\/wp-content\/uploads\/2025\/08\/13-300x300.png 300w, https:\/\/sakina-therapie.pro\/wp-content\/uploads\/2025\/08\/13-150x150.png 150w, https:\/\/sakina-therapie.pro\/wp-content\/uploads\/2025\/08\/13-768x768.png 768w, https:\/\/sakina-therapie.pro\/wp-content\/uploads\/2025\/08\/13.png 1080w\" sizes=\"(max-width: 1024px) 100vw, 1024px\" \/>\t\t\t\t\t\t\t\t\t\t\t\t\t\t\t<\/div>\n\t\t\t\t<\/div>\n\t\t<div class=\"elementor-element elementor-element-bf5b313 e-con-full e-flex e-con e-child\" data-id=\"bf5b313\" data-element_type=\"container\" data-e-type=\"container\" data-settings=\"{&quot;_ha_eqh_enable&quot;:false}\">\n\t\t\t\t<div class=\"elementor-element elementor-element-e1f2273 elementor-widget elementor-widget-spacer\" data-id=\"e1f2273\" data-element_type=\"widget\" data-e-type=\"widget\" data-widget_type=\"spacer.default\">\n\t\t\t\t\t\t\t<div class=\"elementor-spacer\">\n\t\t\t<div class=\"elementor-spacer-inner\"><\/div>\n\t\t<\/div>\n\t\t\t\t\t\t<\/div>\n\t\t\t\t<div class=\"elementor-element elementor-element-299b2d6 elementor-invisible elementor-widget elementor-widget-heading\" data-id=\"299b2d6\" data-element_type=\"widget\" data-e-type=\"widget\" data-settings=\"{&quot;_animation&quot;:&quot;zoomIn&quot;}\" data-widget_type=\"heading.default\">\n\t\t\t\t\t<h5 class=\"elementor-heading-title elementor-size-default\">Je suis Oum sakina,<\/h5>\t\t\t\t<\/div>\n\t\t\t\t<div class=\"elementor-element elementor-element-ae060d2 elementor-widget-divider--view-line elementor-widget elementor-widget-divider\" data-id=\"ae060d2\" data-element_type=\"widget\" data-e-type=\"widget\" data-widget_type=\"divider.default\">\n\t\t\t\t\t\t\t<div class=\"elementor-divider\">\n\t\t\t<span class=\"elementor-divider-separator\">\n\t\t\t\t\t\t<\/span>\n\t\t<\/div>\n\t\t\t\t\t\t<\/div>\n\t\t\t\t<div class=\"elementor-element elementor-element-806b0c4 elementor-widget elementor-widget-text-editor\" data-id=\"806b0c4\" data-element_type=\"widget\" data-e-type=\"widget\" data-widget_type=\"text-editor.default\">\n\t\t\t\t\t\t\t\t\t<p>psycho praticienne en psychoth\u00e9rapie islamiya , certifi\u00e9e en l\u2019ann\u00e9e 2025 al hamdoulillah aupr\u00e8s de l\u2019institut psychoth\u00e9rapie islamiya supervision.<\/p><p>Tr\u00e8s port\u00e9 sur la psychologie depuis mon adolescence et tenant \u00e0 int\u00e9grer cette pratique \u00e0 notre religion islamique dans un cadre religieux licite j\u2019ai d\u00e9couvert en l\u2019ann\u00e9e 2023 la psychoth\u00e9rapie islamiya . <br \/>J\u2019ai donc suivi le cursus n\u00e9cessaire afin de pouvoir me professionnaliser dans le domaine et je continue encore \u00e0 apprendre.<\/p>\t\t\t\t\t\t\t\t<\/div>\n\t\t\t\t<\/div>\n\t\t\t\t\t<\/div>\n\t\t\t\t<\/div>\n\t\t<div class=\"elementor-element elementor-element-6cf093e e-flex e-con-boxed e-con e-parent\" data-id=\"6cf093e\" data-element_type=\"container\" data-e-type=\"container\" data-settings=\"{&quot;_ha_eqh_enable&quot;:false}\">\n\t\t\t\t\t<div class=\"e-con-inner\">\n\t\t<div class=\"elementor-element elementor-element-9a033d6 e-con-full e-flex e-con e-child\" data-id=\"9a033d6\" data-element_type=\"container\" data-e-type=\"container\" data-settings=\"{&quot;_ha_eqh_enable&quot;:false}\">\n\t\t\t\t<div class=\"elementor-element elementor-element-c246dd6 elementor-widget elementor-widget-text-editor\" data-id=\"c246dd6\" data-element_type=\"widget\" data-e-type=\"widget\" data-widget_type=\"text-editor.default\">\n\t\t\t\t\t\t\t\t\t<p><strong>La psychoth\u00e9rapie islamiya est une discipline se basant autour de 3 axes :<\/strong> les maladies de l\u2019\u00e2me , les psychopathologies et les maux occultes. <br \/>Celles-ci \u00e9tant bien souvent interconnect\u00e9s .<\/p><p><strong>Les ambigu\u00eft\u00e9s se propageant , le faux se m\u00e9langeant \u00e0 la v\u00e9rit\u00e9 il est important de clarifier certains points :<\/strong> <br \/>&#8211; Certains concepts psychologiques sont en contradiction avec notre croyance et sont pour certains tir\u00e9s de croyance bouddhiste , hindoue , philosophique\u2026<\/p><p>&#8211; Et en terme de pratique prohib\u00e9es nous retrouvons entre autre : la psychanalyse , les th\u00e9rapies \u00e9nerg\u00e9tiques , l\u2019hypnose \u2026.<\/p><p>&#8211; Je me d\u00e9savoue de ces pratiques et ne les effectue donc pas , cela ne faisant pas partie de la psychoth\u00e9rapie islamiya .<\/p>\t\t\t\t\t\t\t\t<\/div>\n\t\t\t\t<div class=\"elementor-element elementor-element-45ffc29 animated-slow elementor-invisible elementor-widget elementor-widget-button\" data-id=\"45ffc29\" data-element_type=\"widget\" data-e-type=\"widget\" data-settings=\"{&quot;_animation&quot;:&quot;rotateIn&quot;}\" data-widget_type=\"button.default\">\n\t\t\t\t\t\t\t\t\t\t<a class=\"elementor-button elementor-button-link elementor-size-sm\" href=\"https:\/\/sakina-therapie.pro\/index.php\/accompagnement\/\">\n\t\t\t\t\t\t<span class=\"elementor-button-content-wrapper\">\n\t\t\t\t\t\t\t\t\t<span class=\"elementor-button-text\">D\u00c9COUVRIR MES ACCOMPAGNEMENTS<\/span>\n\t\t\t\t\t<\/span>\n\t\t\t\t\t<\/a>\n\t\t\t\t\t\t\t\t<\/div>\n\t\t\t\t<\/div>\n\t\t<div class=\"elementor-element elementor-element-306d198 e-con-full e-flex e-con e-child\" data-id=\"306d198\" data-element_type=\"container\" data-e-type=\"container\" data-settings=\"{&quot;_ha_eqh_enable&quot;:false}\">\n\t\t\t\t<div class=\"elementor-element elementor-element-540e8c1 elementor-invisible elementor-widget elementor-widget-image\" data-id=\"540e8c1\" data-element_type=\"widget\" data-e-type=\"widget\" data-settings=\"{&quot;_animation&quot;:&quot;bounceInRight&quot;}\" data-widget_type=\"image.default\">\n\t\t\t\t\t\t\t\t\t\t\t\t\t\t\t<img decoding=\"async\" width=\"500\" height=\"500\" src=\"https:\/\/sakina-therapie.pro\/wp-content\/uploads\/2025\/08\/religiosite-2.png\" class=\"attachment-large size-large wp-image-2258\" alt=\"\" srcset=\"https:\/\/sakina-therapie.pro\/wp-content\/uploads\/2025\/08\/religiosite-2.png 500w, https:\/\/sakina-therapie.pro\/wp-content\/uploads\/2025\/08\/religiosite-2-300x300.png 300w, https:\/\/sakina-therapie.pro\/wp-content\/uploads\/2025\/08\/religiosite-2-150x150.png 150w\" sizes=\"(max-width: 500px) 100vw, 500px\" \/>\t\t\t\t\t\t\t\t\t\t\t\t\t\t\t<\/div>\n\t\t\t\t<\/div>\n\t\t\t\t\t<\/div>\n\t\t\t\t<\/div>\n\t\t<div class=\"elementor-element elementor-element-2fd1e16 e-flex e-con-boxed e-con e-parent\" data-id=\"2fd1e16\" data-element_type=\"container\" data-e-type=\"container\" data-settings=\"{&quot;_ha_eqh_enable&quot;:false}\">\n\t\t\t\t\t<div class=\"e-con-inner\">\n\t\t\t\t<div class=\"elementor-element elementor-element-c0b2810 elementor-widget elementor-widget-spacer\" data-id=\"c0b2810\" data-element_type=\"widget\" data-e-type=\"widget\" data-widget_type=\"spacer.default\">\n\t\t\t\t\t\t\t<div class=\"elementor-spacer\">\n\t\t\t<div class=\"elementor-spacer-inner\"><\/div>\n\t\t<\/div>\n\t\t\t\t\t\t<\/div>\n\t\t\t\t\t<\/div>\n\t\t\t\t<\/div>\n\t\t<div class=\"elementor-element elementor-element-af6d2d3 e-con-full e-flex e-con e-parent\" data-id=\"af6d2d3\" data-element_type=\"container\" data-e-type=\"container\" data-settings=\"{&quot;background_background&quot;:&quot;classic&quot;,&quot;_ha_eqh_enable&quot;:false}\">\n\t\t<div class=\"elementor-element elementor-element-9eac049 e-con-full e-flex e-con e-child\" data-id=\"9eac049\" data-element_type=\"container\" data-e-type=\"container\" data-settings=\"{&quot;_ha_eqh_enable&quot;:false}\">\n\t\t\t\t<div class=\"elementor-element elementor-element-0811cf3 elementor-widget elementor-widget-spacer\" data-id=\"0811cf3\" data-element_type=\"widget\" data-e-type=\"widget\" data-widget_type=\"spacer.default\">\n\t\t\t\t\t\t\t<div class=\"elementor-spacer\">\n\t\t\t<div class=\"elementor-spacer-inner\"><\/div>\n\t\t<\/div>\n\t\t\t\t\t\t<\/div>\n\t\t\t\t<div class=\"elementor-element elementor-element-b8c885c elementor-invisible elementor-widget elementor-widget-heading\" data-id=\"b8c885c\" data-element_type=\"widget\" data-e-type=\"widget\" data-settings=\"{&quot;_animation&quot;:&quot;zoomIn&quot;}\" data-widget_type=\"heading.default\">\n\t\t\t\t\t<h5 class=\"elementor-heading-title elementor-size-default\">\u2060Conseils \u00e0 mes s\u0153urs : \n<\/h5>\t\t\t\t<\/div>\n\t\t\t\t<div class=\"elementor-element elementor-element-e0c14fb elementor-widget elementor-widget-text-editor\" data-id=\"e0c14fb\" data-element_type=\"widget\" data-e-type=\"widget\" data-widget_type=\"text-editor.default\">\n\t\t\t\t\t\t\t\t\t<p>Que chacune d\u2019entre nous veille \u00e0 pr\u00e9server sa croyance en se tournant vers la professionnelle lui convenant suivant le Coran et la sunna authentique , d\u00e9nu\u00e9 de toute pratique prohib\u00e9e tout en prenant en compte la psych\u00e9 de la personne , sa religiosit\u00e9 , et le monde occulte qui est une r\u00e9alit\u00e9 .<\/p><p>Qu\u2019Allah vous facilite et vous accorde le meilleur.<\/p>\t\t\t\t\t\t\t\t<\/div>\n\t\t\t\t<\/div>\n\t\t\t\t<\/div>\n\t\t\t\t<\/div>\n\t\t","protected":false},"excerpt":{"rendered":"<p>Je suis Oum sakina, psycho praticienne en psychoth\u00e9rapie islamiya , certifi\u00e9e en l\u2019ann\u00e9e 2025 al hamdoulillah aupr\u00e8s de l\u2019institut psychoth\u00e9rapie islamiya supervision. Tr\u00e8s port\u00e9 sur la psychologie depuis mon adolescence et tenant \u00e0 int\u00e9grer cette pratique \u00e0 notre religion islamique dans un cadre religieux licite j\u2019ai d\u00e9couvert en l\u2019ann\u00e9e 2023 la psychoth\u00e9rapie islamiya . J\u2019ai [&hellip;]<\/p>\n","protected":false},"author":1,"featured_media":2200,"parent":0,"menu_order":0,"comment_status":"closed","ping_status":"closed","template":"","meta":{"footnotes":""},"class_list":["post-961","page","type-page","status-publish","has-post-thumbnail","hentry"],"blocksy_meta":{"styles_descriptor":{"styles":{"desktop":"[data-prefix=\"single_page\"] {background-color:rgba(255, 255, 255, 0.97);background-image:none;}","tablet":"","mobile":""},"google_fonts":[],"version":6},"has_hero_section":"default","content_style_source":"inherit","vertical_spacing_source":"inherit","background":{"background_type":"image","background_pattern":"type-1","background_image":{"attachment_id":null,"x":0,"y":0},"gradient":"linear-gradient(135deg,rgba(6,147,227,1) 0%,rgb(155,81,224) 100%)","background_repeat":"repeat","background_size":"auto","background_attachment":"scroll","patternColor":{"default":{"color":"#e5e7ea"}},"overlayColor":{"default":{"color":"CT_CSS_SKIP_RULE"}},"backgroundColor":{"default":{"color":"rgba(255, 255, 255, 0.97)"}}}},"yoast_head":"<!-- This site is optimized with the Yoast SEO plugin v27.0 - https:\/\/yoast.com\/product\/yoast-seo-wordpress\/ -->\n<title>\u00c0 propos - Sakina th\u00e9rapie<\/title>\n<meta name=\"robots\" content=\"index, follow, max-snippet:-1, max-image-preview:large, max-video-preview:-1\" \/>\n<link rel=\"canonical\" href=\"https:\/\/sakina-therapie.pro\/index.php\/a-propos\/\" \/>\n<meta property=\"og:locale\" content=\"en_US\" \/>\n<meta property=\"og:type\" content=\"article\" \/>\n<meta property=\"og:title\" content=\"\u00c0 propos - Sakina th\u00e9rapie\" \/>\n<meta property=\"og:description\" content=\"Je suis Oum sakina, psycho praticienne en psychoth\u00e9rapie islamiya , certifi\u00e9e en l\u2019ann\u00e9e 2025 al hamdoulillah aupr\u00e8s de l\u2019institut psychoth\u00e9rapie islamiya supervision. Tr\u00e8s port\u00e9 sur la psychologie depuis mon adolescence et tenant \u00e0 int\u00e9grer cette pratique \u00e0 notre religion islamique dans un cadre religieux licite j\u2019ai d\u00e9couvert en l\u2019ann\u00e9e 2023 la psychoth\u00e9rapie islamiya . J\u2019ai [&hellip;]\" \/>\n<meta property=\"og:url\" content=\"https:\/\/sakina-therapie.pro\/index.php\/a-propos\/\" \/>\n<meta property=\"og:site_name\" content=\"Sakina th\u00e9rapie\" \/>\n<meta property=\"article:modified_time\" content=\"2025-10-31T09:29:20+00:00\" \/>\n<meta property=\"og:image\" content=\"https:\/\/sakina-therapie.pro\/wp-content\/uploads\/2025\/08\/bande-a-propos-3.png\" \/>\n\t<meta property=\"og:image:width\" content=\"1\" \/>\n\t<meta property=\"og:image:height\" content=\"1\" \/>\n\t<meta property=\"og:image:type\" content=\"image\/png\" \/>\n<meta name=\"twitter:card\" content=\"summary_large_image\" \/>\n<meta name=\"twitter:label1\" content=\"Est. reading time\" \/>\n\t<meta name=\"twitter:data1\" content=\"1 minute\" \/>\n<script type=\"application\/ld+json\" class=\"yoast-schema-graph\">{\"@context\":\"https:\/\/schema.org\",\"@graph\":[{\"@type\":\"WebPage\",\"@id\":\"https:\/\/sakina-therapie.pro\/index.php\/a-propos\/\",\"url\":\"https:\/\/sakina-therapie.pro\/index.php\/a-propos\/\",\"name\":\"\u00c0 propos - Sakina th\u00e9rapie\",\"isPartOf\":{\"@id\":\"https:\/\/sakina-therapie.pro\/#website\"},\"primaryImageOfPage\":{\"@id\":\"https:\/\/sakina-therapie.pro\/index.php\/a-propos\/#primaryimage\"},\"image\":{\"@id\":\"https:\/\/sakina-therapie.pro\/index.php\/a-propos\/#primaryimage\"},\"thumbnailUrl\":\"https:\/\/sakina-therapie.pro\/wp-content\/uploads\/2025\/08\/bande-a-propos-3.png\",\"datePublished\":\"2022-08-31T07:14:16+00:00\",\"dateModified\":\"2025-10-31T09:29:20+00:00\",\"breadcrumb\":{\"@id\":\"https:\/\/sakina-therapie.pro\/index.php\/a-propos\/#breadcrumb\"},\"inLanguage\":\"en-US\",\"potentialAction\":[{\"@type\":\"ReadAction\",\"target\":[\"https:\/\/sakina-therapie.pro\/index.php\/a-propos\/\"]}]},{\"@type\":\"ImageObject\",\"inLanguage\":\"en-US\",\"@id\":\"https:\/\/sakina-therapie.pro\/index.php\/a-propos\/#primaryimage\",\"url\":\"https:\/\/sakina-therapie.pro\/wp-content\/uploads\/2025\/08\/bande-a-propos-3.png\",\"contentUrl\":\"https:\/\/sakina-therapie.pro\/wp-content\/uploads\/2025\/08\/bande-a-propos-3.png\"},{\"@type\":\"BreadcrumbList\",\"@id\":\"https:\/\/sakina-therapie.pro\/index.php\/a-propos\/#breadcrumb\",\"itemListElement\":[{\"@type\":\"ListItem\",\"position\":1,\"name\":\"Accueil\",\"item\":\"https:\/\/sakina-therapie.pro\/\"},{\"@type\":\"ListItem\",\"position\":2,\"name\":\"\u00c0 propos\"}]},{\"@type\":\"WebSite\",\"@id\":\"https:\/\/sakina-therapie.pro\/#website\",\"url\":\"https:\/\/sakina-therapie.pro\/\",\"name\":\"Sakina th\u00e9rapie\",\"description\":\"Pas \u00e0 pas vers la sakina\",\"publisher\":{\"@id\":\"https:\/\/sakina-therapie.pro\/#organization\"},\"potentialAction\":[{\"@type\":\"SearchAction\",\"target\":{\"@type\":\"EntryPoint\",\"urlTemplate\":\"https:\/\/sakina-therapie.pro\/?s={search_term_string}\"},\"query-input\":{\"@type\":\"PropertyValueSpecification\",\"valueRequired\":true,\"valueName\":\"search_term_string\"}}],\"inLanguage\":\"en-US\"},{\"@type\":\"Organization\",\"@id\":\"https:\/\/sakina-therapie.pro\/#organization\",\"name\":\"Sakina th\u00e9rapie\",\"url\":\"https:\/\/sakina-therapie.pro\/\",\"logo\":{\"@type\":\"ImageObject\",\"inLanguage\":\"en-US\",\"@id\":\"https:\/\/sakina-therapie.pro\/#\/schema\/logo\/image\/\",\"url\":\"https:\/\/sakina-therapie.pro\/wp-content\/uploads\/2025\/08\/Logo-filigrane-pour-fond-clair.png\",\"contentUrl\":\"https:\/\/sakina-therapie.pro\/wp-content\/uploads\/2025\/08\/Logo-filigrane-pour-fond-clair.png\",\"width\":1209,\"height\":1640,\"caption\":\"Sakina th\u00e9rapie\"},\"image\":{\"@id\":\"https:\/\/sakina-therapie.pro\/#\/schema\/logo\/image\/\"}}]}<\/script>\n<!-- \/ Yoast SEO plugin. -->","yoast_head_json":{"title":"\u00c0 propos - Sakina th\u00e9rapie","robots":{"index":"index","follow":"follow","max-snippet":"max-snippet:-1","max-image-preview":"max-image-preview:large","max-video-preview":"max-video-preview:-1"},"canonical":"https:\/\/sakina-therapie.pro\/index.php\/a-propos\/","og_locale":"en_US","og_type":"article","og_title":"\u00c0 propos - Sakina th\u00e9rapie","og_description":"Je suis Oum sakina, psycho praticienne en psychoth\u00e9rapie islamiya , certifi\u00e9e en l\u2019ann\u00e9e 2025 al hamdoulillah aupr\u00e8s de l\u2019institut psychoth\u00e9rapie islamiya supervision. Tr\u00e8s port\u00e9 sur la psychologie depuis mon adolescence et tenant \u00e0 int\u00e9grer cette pratique \u00e0 notre religion islamique dans un cadre religieux licite j\u2019ai d\u00e9couvert en l\u2019ann\u00e9e 2023 la psychoth\u00e9rapie islamiya . J\u2019ai [&hellip;]","og_url":"https:\/\/sakina-therapie.pro\/index.php\/a-propos\/","og_site_name":"Sakina th\u00e9rapie","article_modified_time":"2025-10-31T09:29:20+00:00","og_image":[{"url":"https:\/\/sakina-therapie.pro\/wp-content\/uploads\/2025\/08\/bande-a-propos-3.png","width":1,"height":1,"type":"image\/png"}],"twitter_card":"summary_large_image","twitter_misc":{"Est. reading time":"1 minute"},"schema":{"@context":"https:\/\/schema.org","@graph":[{"@type":"WebPage","@id":"https:\/\/sakina-therapie.pro\/index.php\/a-propos\/","url":"https:\/\/sakina-therapie.pro\/index.php\/a-propos\/","name":"\u00c0 propos - Sakina th\u00e9rapie","isPartOf":{"@id":"https:\/\/sakina-therapie.pro\/#website"},"primaryImageOfPage":{"@id":"https:\/\/sakina-therapie.pro\/index.php\/a-propos\/#primaryimage"},"image":{"@id":"https:\/\/sakina-therapie.pro\/index.php\/a-propos\/#primaryimage"},"thumbnailUrl":"https:\/\/sakina-therapie.pro\/wp-content\/uploads\/2025\/08\/bande-a-propos-3.png","datePublished":"2022-08-31T07:14:16+00:00","dateModified":"2025-10-31T09:29:20+00:00","breadcrumb":{"@id":"https:\/\/sakina-therapie.pro\/index.php\/a-propos\/#breadcrumb"},"inLanguage":"en-US","potentialAction":[{"@type":"ReadAction","target":["https:\/\/sakina-therapie.pro\/index.php\/a-propos\/"]}]},{"@type":"ImageObject","inLanguage":"en-US","@id":"https:\/\/sakina-therapie.pro\/index.php\/a-propos\/#primaryimage","url":"https:\/\/sakina-therapie.pro\/wp-content\/uploads\/2025\/08\/bande-a-propos-3.png","contentUrl":"https:\/\/sakina-therapie.pro\/wp-content\/uploads\/2025\/08\/bande-a-propos-3.png"},{"@type":"BreadcrumbList","@id":"https:\/\/sakina-therapie.pro\/index.php\/a-propos\/#breadcrumb","itemListElement":[{"@type":"ListItem","position":1,"name":"Accueil","item":"https:\/\/sakina-therapie.pro\/"},{"@type":"ListItem","position":2,"name":"\u00c0 propos"}]},{"@type":"WebSite","@id":"https:\/\/sakina-therapie.pro\/#website","url":"https:\/\/sakina-therapie.pro\/","name":"Sakina th\u00e9rapie","description":"Pas \u00e0 pas vers la sakina","publisher":{"@id":"https:\/\/sakina-therapie.pro\/#organization"},"potentialAction":[{"@type":"SearchAction","target":{"@type":"EntryPoint","urlTemplate":"https:\/\/sakina-therapie.pro\/?s={search_term_string}"},"query-input":{"@type":"PropertyValueSpecification","valueRequired":true,"valueName":"search_term_string"}}],"inLanguage":"en-US"},{"@type":"Organization","@id":"https:\/\/sakina-therapie.pro\/#organization","name":"Sakina th\u00e9rapie","url":"https:\/\/sakina-therapie.pro\/","logo":{"@type":"ImageObject","inLanguage":"en-US","@id":"https:\/\/sakina-therapie.pro\/#\/schema\/logo\/image\/","url":"https:\/\/sakina-therapie.pro\/wp-content\/uploads\/2025\/08\/Logo-filigrane-pour-fond-clair.png","contentUrl":"https:\/\/sakina-therapie.pro\/wp-content\/uploads\/2025\/08\/Logo-filigrane-pour-fond-clair.png","width":1209,"height":1640,"caption":"Sakina th\u00e9rapie"},"image":{"@id":"https:\/\/sakina-therapie.pro\/#\/schema\/logo\/image\/"}}]}},"_links":{"self":[{"href":"https:\/\/sakina-therapie.pro\/index.php\/wp-json\/wp\/v2\/pages\/961","targetHints":{"allow":["GET"]}}],"collection":[{"href":"https:\/\/sakina-therapie.pro\/index.php\/wp-json\/wp\/v2\/pages"}],"about":[{"href":"https:\/\/sakina-therapie.pro\/index.php\/wp-json\/wp\/v2\/types\/page"}],"author":[{"embeddable":true,"href":"https:\/\/sakina-therapie.pro\/index.php\/wp-json\/wp\/v2\/users\/1"}],"replies":[{"embeddable":true,"href":"https:\/\/sakina-therapie.pro\/index.php\/wp-json\/wp\/v2\/comments?post=961"}],"version-history":[{"count":49,"href":"https:\/\/sakina-therapie.pro\/index.php\/wp-json\/wp\/v2\/pages\/961\/revisions"}],"predecessor-version":[{"id":2682,"href":"https:\/\/sakina-therapie.pro\/index.php\/wp-json\/wp\/v2\/pages\/961\/revisions\/2682"}],"wp:featuredmedia":[{"embeddable":true,"href":"https:\/\/sakina-therapie.pro\/index.php\/wp-json\/wp\/v2\/media\/2200"}],"wp:attachment":[{"href":"https:\/\/sakina-therapie.pro\/index.php\/wp-json\/wp\/v2\/media?parent=961"}],"curies":[{"name":"wp","href":"https:\/\/api.w.org\/{rel}","templated":true}]}}